{"id":2107,"date":"2024-05-20T17:10:03","date_gmt":"2024-05-20T17:10:03","guid":{"rendered":"https:\/\/osteo-etiomedecine-33.fr\/index.php\/panier\/"},"modified":"2024-05-20T17:10:03","modified_gmt":"2024-05-20T17:10:03","slug":"panier","status":"publish","type":"page","link":"https:\/\/osteo-etiomedecine-33.fr\/index.php\/panier\/","title":{"rendered":"Panier"},"content":{"rendered":"<div data-block-name=\"woocommerce\/cart\" class=\"wp-block-woocommerce-cart alignwide is-loading\"><div data-block-name=\"woocommerce\/filled-cart-block\" class=\"wp-block-woocommerce-filled-cart-block\"><div data-block-name=\"woocommerce\/cart-items-block\" class=\"wp-block-woocommerce-cart-items-block\"><div data-block-name=\"woocommerce\/cart-line-items-block\" class=\"wp-block-woocommerce-cart-line-items-block\"><\/div>\n\n<div data-block-name=\"woocommerce\/cart-cross-sells-block\" class=\"wp-block-woocommerce-cart-cross-sells-block\">\n<h2 class=\"wp-block-heading has-large-font-size\">\u00c7a peut vous int\u00e9resser&#8230;<\/h2>\n\n\n<div data-block-name=\"woocommerce\/cart-cross-sells-products-block\" class=\"wp-block-woocommerce-cart-cross-sells-products-block\"><\/div><\/div><\/div>\n\n<div data-block-name=\"woocommerce\/cart-totals-block\" class=\"wp-block-woocommerce-cart-totals-block\"><div data-block-name=\"woocommerce\/cart-order-summary-block\" class=\"wp-block-woocommerce-cart-order-summary-block\"><div data-block-name=\"woocommerce\/cart-order-summary-heading-block\" class=\"wp-block-woocommerce-cart-order-summary-heading-block\"><\/div>\n\n<div data-block-name=\"woocommerce\/cart-order-summary-coupon-form-block\" class=\"wp-block-woocommerce-cart-order-summary-coupon-form-block\"><\/div>\n\n<div data-block-name=\"woocommerce\/cart-order-summary-subtotal-block\" class=\"wp-block-woocommerce-cart-order-summary-subtotal-block\"><\/div>\n\n<div data-block-name=\"woocommerce\/cart-order-summary-fee-block\" class=\"wp-block-woocommerce-cart-order-summary-fee-block\"><\/div>\n\n<div data-block-name=\"woocommerce\/cart-order-summary-discount-block\" class=\"wp-block-woocommerce-cart-order-summary-discount-block\"><\/div>\n\n<div data-block-name=\"woocommerce\/cart-order-summary-shipping-block\" class=\"wp-block-woocommerce-cart-order-summary-shipping-block\"><\/div>\n\n<div data-block-name=\"woocommerce\/cart-order-summary-taxes-block\" class=\"wp-block-woocommerce-cart-order-summary-taxes-block\"><\/div><\/div>\n\n<div data-block-name=\"woocommerce\/cart-express-payment-block\" class=\"wp-block-woocommerce-cart-express-payment-block\"><\/div>\n\n<div data-block-name=\"woocommerce\/proceed-to-checkout-block\" class=\"wp-block-woocommerce-proceed-to-checkout-block\"><\/div>\n\n<div data-block-name=\"woocommerce\/cart-accepted-payment-methods-block\" class=\"wp-block-woocommerce-cart-accepted-payment-methods-block\"><\/div><\/div><\/div>\n\n<div data-block-name=\"woocommerce\/empty-cart-block\" class=\"wp-block-woocommerce-empty-cart-block\">\n<h2 class=\"wp-block-heading has-text-align-center with-empty-cart-icon wc-block-cart__empty-cart__title\">Votre panier est actuellement vide\u00a0!<\/h2>\n\n\n\n<hr class=\"wp-block-separator has-alpha-channel-opacity is-style-dots\"\/>\n\n\n\n<h2 class=\"wp-block-heading has-text-align-center\">Nouveau dans la boutique<\/h2>\n\n\n<\/div><\/div>","protected":false},"excerpt":{"rendered":"","protected":false},"author":1,"featured_media":0,"parent":0,"menu_order":0,"comment_status":"closed","ping_status":"closed","template":"","meta":{"om_disable_all_campaigns":false,"_monsterinsights_skip_tracking":false,"_monsterinsights_sitenote_active":false,"_monsterinsights_sitenote_note":"","_monsterinsights_sitenote_category":0,"site-sidebar-layout":"default","site-content-layout":"","ast-site-content-layout":"","site-content-style":"default","site-sidebar-style":"default","ast-global-header-display":"","ast-banner-title-visibility":"","ast-main-header-display":"","ast-hfb-above-header-display":"","ast-hfb-below-header-display":"","ast-hfb-mobile-header-display":"","site-post-title":"","ast-breadcrumbs-content":"","ast-featured-img":"","footer-sml-layout":"","theme-transparent-header-meta":"","adv-header-id-meta":"","stick-header-meta":"","header-above-stick-meta":"","header-main-stick-meta":"","header-below-stick-meta":"","astra-migrate-meta-layouts":"","ast-page-background-enabled":"default","ast-page-background-meta":{"desktop":{"background-color":"var(--ast-global-color-4)","background-image":"","background-repeat":"repeat","background-position":"center center","background-size":"auto","background-attachment":"scroll","background-type":"","background-media":"","overlay-type":"","overlay-color":"","overlay-gradient":""},"tablet":{"background-color":"","background-image":"","background-repeat":"repeat","background-position":"center center","background-size":"auto","background-attachment":"scroll","background-type":"","background-media":"","overlay-type":"","overlay-color":"","overlay-gradient":""},"mobile":{"background-color":"","background-image":"","background-repeat":"repeat","background-position":"center center","background-size":"auto","background-attachment":"scroll","background-type":"","background-media":"","overlay-type":"","overlay-color":"","overlay-gradient":""}},"ast-content-background-meta":{"desktop":{"background-color":"var(--ast-global-color-5)","background-image":"","background-repeat":"repeat","background-position":"center center","background-size":"auto","background-attachment":"scroll","background-type":"","background-media":"","overlay-type":"","overlay-color":"","overlay-gradient":""},"tablet":{"background-color":"var(--ast-global-color-5)","background-image":"","background-repeat":"repeat","background-position":"center center","background-size":"auto","background-attachment":"scroll","background-type":"","background-media":"","overlay-type":"","overlay-color":"","overlay-gradient":""},"mobile":{"background-color":"var(--ast-global-color-5)","background-image":"","background-repeat":"repeat","background-position":"center center","background-size":"auto","background-attachment":"scroll","background-type":"","background-media":"","overlay-type":"","overlay-color":"","overlay-gradient":""}},"footnotes":""},"yoast_head":"<!-- This site is optimized with the Yoast SEO plugin v24.5 - https:\/\/yoast.com\/wordpress\/plugins\/seo\/ -->\n<title>Panier - Ost\u00e9opathie Etiom\u00e9decine 33 Sophie Chareille<\/title>\n<meta name=\"description\" content=\"&quot;Sophie Chareille&quot; Ost\u00e9opathie Ost\u00e9opathe Etiom\u00e9decine Etiopathie Etiopathe Biganos Gironde &quot;Lac vert&quot;\" \/>\n<meta name=\"robots\" content=\"index, follow, max-snippet:-1, max-image-preview:large, max-video-preview:-1\" \/>\n<link rel=\"canonical\" href=\"https:\/\/osteo-etiomedecine-33.fr\/index.php\/panier\/\" \/>\n<meta property=\"og:locale\" content=\"fr_FR\" \/>\n<meta property=\"og:type\" content=\"article\" \/>\n<meta property=\"og:title\" content=\"Panier - Ost\u00e9opathie Etiom\u00e9decine 33 Sophie Chareille\" \/>\n<meta property=\"og:description\" content=\"&quot;Sophie Chareille&quot; Ost\u00e9opathie Ost\u00e9opathe Etiom\u00e9decine Etiopathie Etiopathe Biganos Gironde &quot;Lac vert&quot;\" \/>\n<meta property=\"og:url\" content=\"https:\/\/osteo-etiomedecine-33.fr\/index.php\/panier\/\" \/>\n<meta property=\"og:site_name\" content=\"Ost\u00e9opathie Etiom\u00e9decine 33 Sophie Chareille\" \/>\n<meta property=\"article:publisher\" content=\"https:\/\/www.facebook.com\/profile.php?id=61560084413036&amp;locale=fr_FR\" \/>\n<meta property=\"og:image\" content=\"https:\/\/osteo-etiomedecine-33.fr\/wp-content\/uploads\/2022\/11\/hd-wallpaper-4300222-1-scaled.jpg\" \/>\n\t<meta property=\"og:image:width\" content=\"2560\" \/>\n\t<meta property=\"og:image:height\" content=\"1706\" \/>\n\t<meta property=\"og:image:type\" content=\"image\/jpeg\" \/>\n<meta name=\"twitter:card\" content=\"summary_large_image\" \/>\n<script type=\"application\/ld+json\" class=\"yoast-schema-graph\">{\"@context\":\"https:\/\/schema.org\",\"@graph\":[{\"@type\":\"WebPage\",\"@id\":\"https:\/\/osteo-etiomedecine-33.fr\/index.php\/panier\/\",\"url\":\"https:\/\/osteo-etiomedecine-33.fr\/index.php\/panier\/\",\"name\":\"Panier - Ost\u00e9opathie Etiom\u00e9decine 33 Sophie Chareille\",\"isPartOf\":{\"@id\":\"https:\/\/osteo-etiomedecine-33.fr\/#website\"},\"datePublished\":\"2024-05-20T17:10:03+00:00\",\"description\":\"\\\"Sophie Chareille\\\" Ost\u00e9opathie Ost\u00e9opathe Etiom\u00e9decine Etiopathie Etiopathe Biganos Gironde \\\"Lac vert\\\"\",\"breadcrumb\":{\"@id\":\"https:\/\/osteo-etiomedecine-33.fr\/index.php\/panier\/#breadcrumb\"},\"inLanguage\":\"fr-FR\",\"potentialAction\":[{\"@type\":\"ReadAction\",\"target\":[\"https:\/\/osteo-etiomedecine-33.fr\/index.php\/panier\/\"]}]},{\"@type\":\"BreadcrumbList\",\"@id\":\"https:\/\/osteo-etiomedecine-33.fr\/index.php\/panier\/#breadcrumb\",\"itemListElement\":[{\"@type\":\"ListItem\",\"position\":1,\"name\":\"Home\",\"item\":\"https:\/\/osteo-etiomedecine-33.fr\/\"},{\"@type\":\"ListItem\",\"position\":2,\"name\":\"Panier\"}]},{\"@type\":\"WebSite\",\"@id\":\"https:\/\/osteo-etiomedecine-33.fr\/#website\",\"url\":\"https:\/\/osteo-etiomedecine-33.fr\/\",\"name\":\"osteo-etiomedecine-33.fr\",\"description\":\"Sophie Chareille ost\u00e9opathie \u00e9tiom\u00e9decine \u00e0 Biganos\",\"publisher\":{\"@id\":\"https:\/\/osteo-etiomedecine-33.fr\/#\/schema\/person\/679ba26336b5a75e572dac773c92558c\"},\"potentialAction\":[{\"@type\":\"SearchAction\",\"target\":{\"@type\":\"EntryPoint\",\"urlTemplate\":\"https:\/\/osteo-etiomedecine-33.fr\/?s={search_term_string}\"},\"query-input\":{\"@type\":\"PropertyValueSpecification\",\"valueRequired\":true,\"valueName\":\"search_term_string\"}}],\"inLanguage\":\"fr-FR\"},{\"@type\":[\"Person\",\"Organization\"],\"@id\":\"https:\/\/osteo-etiomedecine-33.fr\/#\/schema\/person\/679ba26336b5a75e572dac773c92558c\",\"name\":\"sophie.chareille@orange.fr\",\"image\":{\"@type\":\"ImageObject\",\"inLanguage\":\"fr-FR\",\"@id\":\"https:\/\/osteo-etiomedecine-33.fr\/#\/schema\/person\/image\/\",\"url\":\"https:\/\/osteo-etiomedecine-33.fr\/wp-content\/uploads\/2022\/11\/ProfilePictureMaker-1.png\",\"contentUrl\":\"https:\/\/osteo-etiomedecine-33.fr\/wp-content\/uploads\/2022\/11\/ProfilePictureMaker-1.png\",\"width\":1080,\"height\":1080,\"caption\":\"sophie.chareille@orange.fr\"},\"logo\":{\"@id\":\"https:\/\/osteo-etiomedecine-33.fr\/#\/schema\/person\/image\/\"},\"sameAs\":[\"http:\/\/osteo-etiomedecine-33.fr\",\"https:\/\/www.facebook.com\/profile.php?id=61560084413036&locale=fr_FR\"]}]}<\/script>\n<!-- \/ Yoast SEO plugin. -->","yoast_head_json":{"title":"Panier - Ost\u00e9opathie Etiom\u00e9decine 33 Sophie Chareille","description":"\"Sophie Chareille\" Ost\u00e9opathie Ost\u00e9opathe Etiom\u00e9decine Etiopathie Etiopathe Biganos Gironde \"Lac vert\"","robots":{"index":"index","follow":"follow","max-snippet":"max-snippet:-1","max-image-preview":"max-image-preview:large","max-video-preview":"max-video-preview:-1"},"canonical":"https:\/\/osteo-etiomedecine-33.fr\/index.php\/panier\/","og_locale":"fr_FR","og_type":"article","og_title":"Panier - Ost\u00e9opathie Etiom\u00e9decine 33 Sophie Chareille","og_description":"\"Sophie Chareille\" Ost\u00e9opathie Ost\u00e9opathe Etiom\u00e9decine Etiopathie Etiopathe Biganos Gironde \"Lac vert\"","og_url":"https:\/\/osteo-etiomedecine-33.fr\/index.php\/panier\/","og_site_name":"Ost\u00e9opathie Etiom\u00e9decine 33 Sophie Chareille","article_publisher":"https:\/\/www.facebook.com\/profile.php?id=61560084413036&locale=fr_FR","og_image":[{"width":2560,"height":1706,"url":"https:\/\/osteo-etiomedecine-33.fr\/wp-content\/uploads\/2022\/11\/hd-wallpaper-4300222-1-scaled.jpg","type":"image\/jpeg"}],"twitter_card":"summary_large_image","schema":{"@context":"https:\/\/schema.org","@graph":[{"@type":"WebPage","@id":"https:\/\/osteo-etiomedecine-33.fr\/index.php\/panier\/","url":"https:\/\/osteo-etiomedecine-33.fr\/index.php\/panier\/","name":"Panier - Ost\u00e9opathie Etiom\u00e9decine 33 Sophie Chareille","isPartOf":{"@id":"https:\/\/osteo-etiomedecine-33.fr\/#website"},"datePublished":"2024-05-20T17:10:03+00:00","description":"\"Sophie Chareille\" Ost\u00e9opathie Ost\u00e9opathe Etiom\u00e9decine Etiopathie Etiopathe Biganos Gironde \"Lac vert\"","breadcrumb":{"@id":"https:\/\/osteo-etiomedecine-33.fr\/index.php\/panier\/#breadcrumb"},"inLanguage":"fr-FR","potentialAction":[{"@type":"ReadAction","target":["https:\/\/osteo-etiomedecine-33.fr\/index.php\/panier\/"]}]},{"@type":"BreadcrumbList","@id":"https:\/\/osteo-etiomedecine-33.fr\/index.php\/panier\/#breadcrumb","itemListElement":[{"@type":"ListItem","position":1,"name":"Home","item":"https:\/\/osteo-etiomedecine-33.fr\/"},{"@type":"ListItem","position":2,"name":"Panier"}]},{"@type":"WebSite","@id":"https:\/\/osteo-etiomedecine-33.fr\/#website","url":"https:\/\/osteo-etiomedecine-33.fr\/","name":"osteo-etiomedecine-33.fr","description":"Sophie Chareille ost\u00e9opathie \u00e9tiom\u00e9decine \u00e0 Biganos","publisher":{"@id":"https:\/\/osteo-etiomedecine-33.fr\/#\/schema\/person\/679ba26336b5a75e572dac773c92558c"},"potentialAction":[{"@type":"SearchAction","target":{"@type":"EntryPoint","urlTemplate":"https:\/\/osteo-etiomedecine-33.fr\/?s={search_term_string}"},"query-input":{"@type":"PropertyValueSpecification","valueRequired":true,"valueName":"search_term_string"}}],"inLanguage":"fr-FR"},{"@type":["Person","Organization"],"@id":"https:\/\/osteo-etiomedecine-33.fr\/#\/schema\/person\/679ba26336b5a75e572dac773c92558c","name":"sophie.chareille@orange.fr","image":{"@type":"ImageObject","inLanguage":"fr-FR","@id":"https:\/\/osteo-etiomedecine-33.fr\/#\/schema\/person\/image\/","url":"https:\/\/osteo-etiomedecine-33.fr\/wp-content\/uploads\/2022\/11\/ProfilePictureMaker-1.png","contentUrl":"https:\/\/osteo-etiomedecine-33.fr\/wp-content\/uploads\/2022\/11\/ProfilePictureMaker-1.png","width":1080,"height":1080,"caption":"sophie.chareille@orange.fr"},"logo":{"@id":"https:\/\/osteo-etiomedecine-33.fr\/#\/schema\/person\/image\/"},"sameAs":["http:\/\/osteo-etiomedecine-33.fr","https:\/\/www.facebook.com\/profile.php?id=61560084413036&locale=fr_FR"]}]}},"_links":{"self":[{"href":"https:\/\/osteo-etiomedecine-33.fr\/index.php\/wp-json\/wp\/v2\/pages\/2107"}],"collection":[{"href":"https:\/\/osteo-etiomedecine-33.fr\/index.php\/wp-json\/wp\/v2\/pages"}],"about":[{"href":"https:\/\/osteo-etiomedecine-33.fr\/index.php\/wp-json\/wp\/v2\/types\/page"}],"author":[{"embeddable":true,"href":"https:\/\/osteo-etiomedecine-33.fr\/index.php\/wp-json\/wp\/v2\/users\/1"}],"replies":[{"embeddable":true,"href":"https:\/\/osteo-etiomedecine-33.fr\/index.php\/wp-json\/wp\/v2\/comments?post=2107"}],"version-history":[{"count":0,"href":"https:\/\/osteo-etiomedecine-33.fr\/index.php\/wp-json\/wp\/v2\/pages\/2107\/revisions"}],"wp:attachment":[{"href":"https:\/\/osteo-etiomedecine-33.fr\/index.php\/wp-json\/wp\/v2\/media?parent=2107"}],"curies":[{"name":"wp","href":"https:\/\/api.w.org\/{rel}","templated":true}]}}